{"id":6,"date":"2022-01-26T15:17:38","date_gmt":"2022-01-26T15:17:38","guid":{"rendered":"https:\/\/betriebsunterhalt.ch\/aargau-solothurn\/?page_id=6"},"modified":"2024-11-28T15:45:34","modified_gmt":"2024-11-28T14:45:34","slug":"lehre","status":"publish","type":"page","link":"https:\/\/betriebsunterhalt.ch\/aargau-solothurn\/lehre\/","title":{"rendered":"Lehre"},"content":{"rendered":"<h1>Schule \/ \u00fcK \/ QV<\/h1>\n<div>\n<p>Praktisches und theoretisches Fachwissen als Fachfrau\/Fachmann Betriebsunterhalt EFZ oder Unterhaltspraktikerin\/Unterhaltspraktiker EBA vermitteln dir drei Lernorte: Dein Lehrbetrieb, die Berufsschule und die \u00fcberbetrieblichen Kurse in deiner Region.<\/p>\n<\/div>\n<h2>Berufsschulen<\/h2>\n<div>\n<p>Wo wohnst du? Hier findest du Stunden-, Ferien- und Lehrpl\u00e4ne deiner Berufsschule.<\/p>\n<\/div>\n<ul>\n<li>\n<p><img decoding=\"async\" src=\"\/aargau-solothurn\/wp-content\/uploads\/sites\/6\/2022\/02\/ag.png\" alt=\"\"><\/p>\n<h3>Kanton Aargau<\/h3>\n<p><a href=\"https:\/\/www.bslenzburg.ch\/home\">BS Lenzburg<\/a><\/p>\n<\/li>\n<li>\n<p><img decoding=\"async\" src=\"\/aargau-solothurn\/wp-content\/uploads\/sites\/6\/2022\/02\/so.png\" alt=\"\"><\/p>\n<h3>Kanton Solothurn<\/h3>\n<p><a href=\"https:\/\/bbzsogr.so.ch\/schulen\/gewerblich-industrielle-berufsfachschule-grenchen-gibs-grenchen\/\">GIBS Grenchen<\/a><\/p>\n<\/li>\n<\/ul>\n<h3>\u00fcK<\/h3>\n<div>\n<h3>Kursort<\/h3>\n<div>\n<p><span>Die \u00fcberbetrieblichen Kurse f\u00fcr alle Lernenden unserer Sektionen finden im Ausbildungszentrum Mittelland (FB ABZM), Keramikweg 3, 6252 Dagmersellen statt.\u00a0<\/span><span>Einzelne Spezialkurse finden weiterhin auf dem Areal Campus Sursee statt. Die Infos (Daten, Inhalt und Standort) erh\u00e4ltst du jeweils ein paar Wochen vor Kursbeginn.<\/span><\/p>\n<\/div>\n<\/div>\n<h4>Lageplan Ausbildungszentrum Mittelland<\/h4>\n<div>\n<p>47.2103,7.9833<\/p>\n<div>\n<div jstcache=\"24\" class=\"place-name\" jsan=\"7.place-name\"><span>FB ABZM<\/span><br \/><span>Keramikweg 3<\/span><br \/><span>6252 Dagmersellen\u00a0<\/span><\/div>\n<\/div>\n<\/div>\n<h3>QV<\/h3>\n<div>\n<h3>Pr\u00fcfungsort<\/h3>\n<div>\n<p><span>Das Qualifikationsverfahren findet im Ausbildungszentrum Mittelland (FB ABZM) in Dagmersellen statt.<\/span><\/p>\n<\/div>\n<\/div>\n<h2>Mehr Infos<\/h2>\n<ul>\n<li>\n<p><a href=\"https:\/\/www.betriebsunterhalt.ch\/berufsbild\"><\/p>\n<p>Berufsbild: Deine Arbeit<\/p>\n<p><\/a><\/p>\n<\/li>\n<li>\n<p><a href=\"https:\/\/www.betriebsunterhalt.ch\/weiterbildung\"><\/p>\n<p>Weiterbildungsm\u00f6glichkeiten: Deine Karriere-Chancen<\/p>\n<p><\/a><\/p>\n<\/li>\n<\/ul>\n<p><!--more--><br \/>\n<!-- {\"name\":\"Lehre\",\"type\":\"layout\",\"children\":[{\"name\":\"Header\",\"type\":\"section\",\"props\":{\"height\":\"page\",\"image\":\"wp-content\\\/uploads\\\/sites\\\/6\\\/2022\\\/02\\\/headerbilder_unterseiten_zentralschweiz_0006__RWE0701.jpg\",\"image_position\":\"top-center\",\"image_size\":\"cover\",\"image_width\":\"2560\",\"padding\":\"large\",\"style\":\"default\",\"text_color\":\"light\",\"title_breakpoint\":\"xl\",\"title_position\":\"top-left\",\"title_rotation\":\"left\",\"vertical_align\":\"\",\"width\":\"\"},\"children\":[{\"type\":\"row\",\"children\":[{\"type\":\"column\",\"props\":{\"image_position\":\"center-center\",\"position_sticky_breakpoint\":\"m\",\"width_medium\":\"1-1\"}}]}]},{\"type\":\"section\",\"props\":{\"image_position\":\"center-center\",\"style\":\"default\",\"title_breakpoint\":\"xl\",\"title_position\":\"top-left\",\"title_rotation\":\"left\",\"vertical_align\":\"\",\"width\":\"default\"},\"children\":[{\"type\":\"row\",\"children\":[{\"type\":\"column\",\"props\":{\"image_position\":\"center-center\",\"position_sticky_breakpoint\":\"m\"},\"children\":[{\"type\":\"headline\",\"props\":{\"content\":\"Schule \\\/ \\u00fcK \\\/ QV\",\"text_align\":\"center\",\"title_decoration\":\"bullet\",\"title_element\":\"h1\"}},{\"type\":\"text\",\"props\":{\"column_breakpoint\":\"m\",\"content\":\"\n\n<p>Praktisches und theoretisches Fachwissen als Fachfrau\\\/Fachmann Betriebsunterhalt EFZ oder Unterhaltspraktikerin\\\/Unterhaltspraktiker EBA vermitteln dir drei Lernorte: Dein Lehrbetrieb, die Berufsschule und die \\u00fcberbetrieblichen Kurse in deiner Region.<\\\/p>\",\"margin\":\"medium\",\"text_align\":\"center\",\"text_style\":\"lead\"}}]}]}],\"name\":\"Schule \\\/ \\u00fcK \\\/ QV\"},{\"type\":\"section\",\"props\":{\"image_position\":\"center-center\",\"style\":\"default\",\"title_breakpoint\":\"xl\",\"title_position\":\"top-left\",\"title_rotation\":\"left\",\"vertical_align\":\"\",\"width\":\"default\"},\"children\":[{\"type\":\"row\",\"children\":[{\"type\":\"column\",\"props\":{\"image_position\":\"center-center\",\"position_sticky_breakpoint\":\"m\"},\"children\":[{\"type\":\"headline\",\"props\":{\"content\":\"Berufsschulen\",\"text_align\":\"center\",\"title_decoration\":\"bullet\",\"title_element\":\"h2\"}},{\"type\":\"text\",\"props\":{\"column_breakpoint\":\"m\",\"content\":\"\n\n<p>Wo wohnst du? Hier findest du Stunden-, Ferien- und Lehrpl\\u00e4ne deiner Berufsschule.<\\\/p>\",\"margin\":\"medium\",\"text_align\":\"center\"}},{\"type\":\"grid\",\"props\":{\"content_column_breakpoint\":\"m\",\"content_margin\":\"remove\",\"css\":\".el-image {\\n    position: absolute;\\n    top: -28px;\\n    margin-left: -25px;}\\n.el-item > * {border-top: 4px solid rgba(50, 145, 209, 1);}\",\"filter_align\":\"left\",\"filter_all\":true,\"filter_grid_breakpoint\":\"m\",\"filter_grid_width\":\"auto\",\"filter_position\":\"top\",\"filter_style\":\"tab\",\"grid_default\":\"1\",\"grid_medium\":\"2\",\"icon_width\":80,\"image_align\":\"top\",\"image_grid_breakpoint\":\"m\",\"image_grid_width\":\"1-2\",\"image_svg_color\":\"emphasis\",\"image_width\":\"50\",\"item_animation\":true,\"link_fullwidth\":false,\"link_style\":\"\",\"link_target\":true,\"link_text\":\"Read more\",\"margin\":\"large\",\"meta_align\":\"below-title\",\"meta_element\":\"div\",\"meta_style\":\"text-meta\",\"panel_link\":true,\"panel_padding\":\"default\",\"panel_style\":\"card-primary\",\"parallax_easing\":\"1\",\"show_content\":true,\"show_image\":true,\"show_link\":true,\"show_meta\":true,\"show_title\":true,\"text_align\":\"center\",\"title_align\":\"top\",\"title_element\":\"h3\",\"title_grid_breakpoint\":\"m\",\"title_grid_width\":\"1-2\",\"title_hover_style\":\"reset\",\"title_margin\":\"remove\"},\"children\":[{\"type\":\"grid_item\",\"props\":{\"image\":\"wp-content\\\/uploads\\\/sites\\\/6\\\/2022\\\/02\\\/ag.png\",\"link\":\"https:\\\/\\\/www.bslenzburg.ch\\\/home\",\"link_text\":\"BS Lenzburg\",\"title\":\"Kanton Aargau\"}},{\"type\":\"grid_item\",\"props\":{\"image\":\"wp-content\\\/uploads\\\/sites\\\/6\\\/2022\\\/02\\\/so.png\",\"link\":\"https:\\\/\\\/bbzsogr.so.ch\\\/schulen\\\/gewerblich-industrielle-berufsfachschule-grenchen-gibs-grenchen\\\/\",\"link_text\":\"GIBS Grenchen\",\"title\":\"Kanton Solothurn\"}}]}]}]},{\"type\":\"row\",\"children\":[{\"type\":\"column\",\"props\":{\"image_position\":\"center-center\",\"position_sticky_breakpoint\":\"m\",\"width_medium\":\"1-2\"},\"children\":[{\"type\":\"headline\",\"props\":{\"content\":\"\\u00fcK\",\"text_align\":\"center\",\"title_element\":\"h3\"}},{\"type\":\"accordion\",\"props\":{\"collapsible\":true,\"content_column_breakpoint\":\"m\",\"image_align\":\"top\",\"image_grid_breakpoint\":\"m\",\"image_grid_width\":\"1-2\",\"image_svg_color\":\"emphasis\",\"link_style\":\"secondary\",\"link_text\":\"Read more\",\"show_image\":true,\"show_link\":true},\"children\":[{\"type\":\"accordion_item\",\"props\":{\"content\":\"\n\n<p><span>Die \\u00fcberbetrieblichen Kurse f\\u00fcr alle Lernenden unserer Sektionen finden im Ausbildungszentrum Mittelland (FB ABZM), Keramikweg 3, 6252 Dagmersellen statt.\\u00a0<\\\/span><span>Einzelne Spezialkurse finden weiterhin auf dem Areal Campus Sursee statt. Die Infos (Daten, Inhalt und Standort) erh\\u00e4ltst du jeweils ein paar Wochen vor Kursbeginn.<\\\/span><\\\/p>\",\"title\":\"Kursort\"}}]},{\"type\":\"headline\",\"props\":{\"content\":\"Lageplan Ausbildungszentrum Mittelland\",\"title_element\":\"h4\"}},{\"type\":\"map\",\"props\":{\"controls\":true,\"dragging\":false,\"image_svg_color\":\"emphasis\",\"link_style\":\"default\",\"link_text\":\"Read more\",\"margin\":\"default\",\"max_zoom\":18,\"meta_align\":\"below-title\",\"meta_element\":\"div\",\"meta_style\":\"text-meta\",\"min_zoom\":0,\"poi\":false,\"show_content\":true,\"show_image\":true,\"show_link\":true,\"show_meta\":true,\"show_title\":true,\"title_element\":\"h3\",\"title_hover_style\":\"reset\",\"type\":\"roadmap\",\"zoom\":10,\"zooming\":false},\"children\":[{\"type\":\"map_item\",\"props\":{\"content\":\"\n\n<div jstcache=\\\"24\\\" class=\\\"place-name\\\" jsan=\\\"7.place-name\\\"><span>FB ABZM<\\\/span><br \\\/><span>Keramikweg 3<\\\/span><br \\\/><span>6252 Dagmersellen\\u00a0<\\\/span><\\\/div>\",\"location\":\"47.2103,7.9833\",\"show_popup\":true}}]}]},{\"type\":\"column\",\"props\":{\"image_position\":\"center-center\",\"position_sticky_breakpoint\":\"m\",\"width_medium\":\"1-2\"},\"children\":[{\"type\":\"headline\",\"props\":{\"content\":\"QV\",\"text_align\":\"center\",\"title_element\":\"h3\"}},{\"type\":\"accordion\",\"props\":{\"collapsible\":true,\"content_column_breakpoint\":\"m\",\"image_align\":\"top\",\"image_grid_breakpoint\":\"m\",\"image_grid_width\":\"1-2\",\"image_svg_color\":\"emphasis\",\"link_style\":\"secondary\",\"link_text\":\"Read more\",\"show_image\":true,\"show_link\":true},\"children\":[{\"type\":\"accordion_item\",\"props\":{\"content\":\"\n\n<p><span>Das Qualifikationsverfahren findet im Ausbildungszentrum Mittelland (FB ABZM) in Dagmersellen statt.<\\\/span><\\\/p>\",\"title\":\"Pr\\u00fcfungsort\"}}]},{\"type\":\"headline\",\"props\":{\"content\":\"\",\"title_element\":\"h4\"}}]}],\"props\":{\"layout\":\"1-2,1-2\"}}],\"name\":\"Berufsschulen\"},{\"type\":\"section\",\"props\":{\"image_position\":\"center-center\",\"style\":\"default\",\"title_breakpoint\":\"xl\",\"title_position\":\"top-left\",\"title_rotation\":\"left\",\"vertical_align\":\"\",\"width\":\"default\"},\"children\":[{\"type\":\"row\",\"children\":[{\"type\":\"column\",\"props\":{\"image_position\":\"center-center\",\"position_sticky_breakpoint\":\"m\"},\"children\":[{\"type\":\"headline\",\"props\":{\"content\":\"Mehr Infos\",\"text_align\":\"left\",\"title_element\":\"h2\",\"title_style\":\"h3\"}},{\"type\":\"list\",\"props\":{\"column_breakpoint\":\"m\",\"image_align\":\"left\",\"image_svg_color\":\"emphasis\",\"image_vertical_align\":true,\"list_element\":\"ul\",\"list_horizontal_separator\":\", \",\"list_marker\":\"disc\",\"list_type\":\"vertical\",\"show_image\":true,\"show_link\":true},\"children\":[{\"type\":\"list_item\",\"props\":{\"content\":\"\n\n<p>Lehrmittel: Bestellung<\\\/p>\",\"link\":\"https:\\\/\\\/www.betriebsunterhalt.ch\\\/berufsbildung\",\"status\":\"disabled\"}},{\"type\":\"list_item\",\"props\":{\"content\":\"\n\n<p>Berufsbild: Deine Arbeit<\\\/p>\",\"link\":\"https:\\\/\\\/www.betriebsunterhalt.ch\\\/berufsbild\"}},{\"type\":\"list_item\",\"props\":{\"content\":\"\n\n<p>Weiterbildungsm\\u00f6glichkeiten: Deine Karriere-Chancen<\\\/p>\",\"link\":\"https:\\\/\\\/www.betriebsunterhalt.ch\\\/weiterbildung\"}}]}]}]}],\"name\":\"Mehr Infos\"}],\"version\":\"4.4.16\",\"yooessentialsVersion\":\"2.2.23\"} --><\/p>\n","protected":false},"excerpt":{"rendered":"<p>Schule \/ \u00fcK \/ QV Praktisches und theoretisches Fachwissen als Fachfrau\/Fachmann Betriebsunterhalt EFZ oder Unterhaltspraktikerin\/Unterhaltspraktiker EBA vermitteln dir drei Lernorte: Dein Lehrbetrieb, die Berufsschule und die \u00fcberbetrieblichen Kurse in deiner Region. Berufsschulen Wo wohnst du? Hier findest du Stunden-, Ferien- und Lehrpl\u00e4ne deiner Berufsschule. Kanton Aargau BS Lenzburg Kanton Solothurn GIBS Grenchen \u00fcK Kursort Die [&hellip;]<\/p>\n","protected":false},"author":2,"featured_media":0,"parent":0,"menu_order":0,"comment_status":"closed","ping_status":"closed","template":"","meta":{"_acf_changed":false,"footnotes":""},"class_list":["post-6","page","type-page","status-publish","hentry"],"acf":[],"_links":{"self":[{"href":"https:\/\/betriebsunterhalt.ch\/aargau-solothurn\/wp-json\/wp\/v2\/pages\/6","targetHints":{"allow":["GET"]}}],"collection":[{"href":"https:\/\/betriebsunterhalt.ch\/aargau-solothurn\/wp-json\/wp\/v2\/pages"}],"about":[{"href":"https:\/\/betriebsunterhalt.ch\/aargau-solothurn\/wp-json\/wp\/v2\/types\/page"}],"author":[{"embeddable":true,"href":"https:\/\/betriebsunterhalt.ch\/aargau-solothurn\/wp-json\/wp\/v2\/users\/2"}],"replies":[{"embeddable":true,"href":"https:\/\/betriebsunterhalt.ch\/aargau-solothurn\/wp-json\/wp\/v2\/comments?post=6"}],"version-history":[{"count":0,"href":"https:\/\/betriebsunterhalt.ch\/aargau-solothurn\/wp-json\/wp\/v2\/pages\/6\/revisions"}],"wp:attachment":[{"href":"https:\/\/betriebsunterhalt.ch\/aargau-solothurn\/wp-json\/wp\/v2\/media?parent=6"}],"curies":[{"name":"wp","href":"https:\/\/api.w.org\/{rel}","templated":true}]}}