{"id":8,"date":"2022-01-26T15:17:38","date_gmt":"2022-01-26T15:17:38","guid":{"rendered":"https:\/\/betriebsunterhalt.ch\/aargau-solothurn\/?page_id=8"},"modified":"2025-01-27T10:05:05","modified_gmt":"2025-01-27T09:05:05","slug":"lehrstellen-jobs","status":"publish","type":"page","link":"https:\/\/betriebsunterhalt.ch\/aargau-solothurn\/lehrstellen-jobs\/","title":{"rendered":"Lehrstellen\/Jobs"},"content":{"rendered":"<h1>Arbeitspl\u00e4tze<\/h1>\n<div>\n<p>Wer hat Arbeit f\u00fcr ausgelernte Allrounder? Wo sind spannende Lehrstellen alsFachfrau\/Fachmann Betriebsunterhalt EFZ oder Unterhaltspraktikerin\/Unterhaltspraktiker EBA ausgeschrieben? Wenn Jobs in der Region Aargau\/Solothurn verf\u00fcgbar sind, ver\u00f6ffentlichen wir sie hier.<\/p>\n<\/div>\n<p><p>\n        <a href=\"https:\/\/www.sfb-jobs.ch\">zur SFB Jobb\u00f6rse<\/a>\n    <\/p>\n<\/p>\n<h2>Offene Lehrstellen<\/h2>\n<div>\n<p>Beim <a href=\"https:\/\/www.berufsberatung.ch\/dyn\/show\/2930\" target=\"_blank\" rel=\"noopener\">offiziellen Schweizer Lehrstellenachweis LENA<\/a> findest du Lehrstellen aus der ganzen Schweiz.<\/p>\n<\/div>\n<h2>Jobs<\/h2>\n<div>\n<p>Ob nach der Lehre oder mit Berufserfahrung: Auf Stellenportalen wie <a href=\"https:\/\/www.jobs.ch\/de\/\" target=\"_blank\" rel=\"noopener\">Jobs.ch<\/a> oder <a href=\"https:\/\/www.jobscout24.ch\/de\/\" target=\"_blank\" rel=\"noopener\">Jobscout24.ch<\/a> findest du offene Stellen.<\/p>\n<\/div>\n<h2>F\u00fcr Betriebe: Stelleninserate<\/h2>\n<div>\n<p>Offene Stellen ver\u00f6ffentlichen wir gerne. Senden Sie uns den Stellenbeschrieb als PDF.<\/p>\n<\/div>\n<p><!--more--><br \/>\n<!-- {\"name\":\"Lehrstellen\\\/Jobs\",\"type\":\"layout\",\"children\":[{\"name\":\"Header\",\"type\":\"section\",\"props\":{\"height\":\"page\",\"image\":\"wp-content\\\/uploads\\\/sites\\\/6\\\/2022\\\/02\\\/headerbilder_unterseiten_zentralschweiz_0001__RWE1359.jpg\",\"image_position\":\"top-center\",\"image_size\":\"cover\",\"image_width\":\"2560\",\"padding\":\"large\",\"style\":\"default\",\"text_color\":\"light\",\"title_breakpoint\":\"xl\",\"title_position\":\"top-left\",\"title_rotation\":\"left\",\"vertical_align\":\"\",\"width\":\"\"},\"children\":[{\"type\":\"row\",\"children\":[{\"type\":\"column\",\"props\":{\"image_position\":\"center-center\",\"position_sticky_breakpoint\":\"m\",\"width_medium\":\"1-1\"}}]}]},{\"type\":\"section\",\"props\":{\"image_position\":\"center-center\",\"style\":\"default\",\"title_breakpoint\":\"xl\",\"title_position\":\"top-left\",\"title_rotation\":\"left\",\"vertical_align\":\"\",\"width\":\"default\"},\"children\":[{\"type\":\"row\",\"children\":[{\"type\":\"column\",\"props\":{\"image_position\":\"center-center\",\"position_sticky_breakpoint\":\"m\"},\"children\":[{\"type\":\"headline\",\"props\":{\"content\":\"Arbeitspl\\u00e4tze\",\"text_align\":\"center\",\"title_decoration\":\"bullet\",\"title_element\":\"h1\"}},{\"type\":\"text\",\"props\":{\"column_breakpoint\":\"m\",\"content\":\"\n\n<p>Wer hat Arbeit f\\u00fcr ausgelernte Allrounder? Wo sind spannende Lehrstellen alsFachfrau\\\/Fachmann Betriebsunterhalt EFZ oder Unterhaltspraktikerin\\\/Unterhaltspraktiker EBA ausgeschrieben? Wenn Jobs in der Region Aargau\\\/Solothurn verf\\u00fcgbar sind, ver\\u00f6ffentlichen wir sie hier.<\\\/p>\",\"margin\":\"medium\",\"text_align\":\"center\",\"text_style\":\"lead\"}}]}]},{\"type\":\"row\",\"children\":[{\"type\":\"column\",\"props\":{\"image_position\":\"center-center\",\"position_sticky_breakpoint\":\"m\"},\"children\":[{\"type\":\"button\",\"props\":{\"grid_column_gap\":\"small\",\"grid_row_gap\":\"small\",\"margin\":\"default\",\"text_align\":\"center\"},\"children\":[{\"type\":\"button_item\",\"props\":{\"button_style\":\"secondary\",\"content\":\"zur SFB Jobb\\u00f6rse\",\"dialog_layout\":\"modal\",\"dialog_offcanvas_flip\":true,\"icon\":\"sign-out\",\"icon_align\":\"right\",\"link\":\"https:\\\/\\\/www.sfb-jobs.ch\",\"link_target\":\"blank\"}}],\"modified\":\"2022-04-25T13:40:24.382Z\",\"name\":\"Button zur Jobb\\u00f6rse\"}]}]}],\"name\":\"Arbeitspl\\u00e4tze\"},{\"type\":\"section\",\"props\":{\"image_position\":\"center-center\",\"style\":\"default\",\"title_breakpoint\":\"xl\",\"title_position\":\"top-left\",\"title_rotation\":\"left\",\"vertical_align\":\"\",\"width\":\"default\"},\"children\":[{\"type\":\"row\",\"props\":{\"layout\":\"1-2,1-2\"},\"children\":[{\"type\":\"column\",\"props\":{\"image_position\":\"center-center\",\"position_sticky_breakpoint\":\"m\",\"width_medium\":\"1-2\"},\"children\":[{\"type\":\"headline\",\"props\":{\"content\":\"Offene Lehrstellen\",\"text_align\":\"center\",\"title_decoration\":\"bullet\",\"title_element\":\"h2\"}},{\"type\":\"text\",\"props\":{\"column_breakpoint\":\"m\",\"content\":\"\n\n<p>Beim <a href=\\\"https:\\\/\\\/www.berufsberatung.ch\\\/dyn\\\/show\\\/2930\\\" target=\\\"_blank\\\" rel=\\\"noopener\\\">offiziellen Schweizer Lehrstellenachweis LENA<\\\/a> findest du Lehrstellen aus der ganzen Schweiz.<\\\/p>\",\"margin\":\"default\",\"text_align\":\"center\"}}]},{\"type\":\"column\",\"props\":{\"image_position\":\"center-center\",\"position_sticky_breakpoint\":\"m\",\"width_medium\":\"1-2\"},\"children\":[{\"type\":\"headline\",\"props\":{\"content\":\"Jobs\",\"text_align\":\"center\",\"title_decoration\":\"bullet\",\"title_element\":\"h2\"}},{\"type\":\"text\",\"props\":{\"column_breakpoint\":\"m\",\"content\":\"\n\n<p>Ob nach der Lehre oder mit Berufserfahrung: Auf Stellenportalen wie <a href=\\\"https:\\\/\\\/www.jobs.ch\\\/de\\\/\\\" target=\\\"_blank\\\" rel=\\\"noopener\\\">Jobs.ch<\\\/a> oder <a href=\\\"https:\\\/\\\/www.jobscout24.ch\\\/de\\\/\\\" target=\\\"_blank\\\" rel=\\\"noopener\\\">Jobscout24.ch<\\\/a> findest du offene Stellen.<\\\/p>\",\"margin\":\"default\",\"text_align\":\"center\"}}]}]}],\"name\":\"Offene Lehrstellen \\\/ Jobs\"},{\"type\":\"section\",\"props\":{\"image_position\":\"center-center\",\"style\":\"default\",\"title_breakpoint\":\"xl\",\"title_position\":\"top-left\",\"title_rotation\":\"left\",\"vertical_align\":\"\",\"width\":\"default\"},\"children\":[{\"type\":\"row\",\"children\":[{\"type\":\"column\",\"props\":{\"image_position\":\"center-center\",\"position_sticky_breakpoint\":\"m\"},\"children\":[{\"type\":\"headline\",\"props\":{\"content\":\"F\\u00fcr Betriebe: Stelleninserate\",\"text_align\":\"left\",\"title_element\":\"h2\",\"title_style\":\"h3\"},\"name\":\"F\\u00fcr Betriebe: Stelleninserate\"},{\"type\":\"text\",\"props\":{\"column_breakpoint\":\"m\",\"content\":\"\n\n<p>Offene Stellen ver\\u00f6ffentlichen wir gerne. Senden Sie uns den Stellenbeschrieb als PDF.<\\\/p>\",\"margin\":\"default\"}}]}]}]}],\"version\":\"4.5.1\",\"yooessentialsVersion\":\"2.3.0-beta.19\"} --><\/p>\n","protected":false},"excerpt":{"rendered":"<p>Arbeitspl\u00e4tze Wer hat Arbeit f\u00fcr ausgelernte Allrounder? Wo sind spannende Lehrstellen alsFachfrau\/Fachmann Betriebsunterhalt EFZ oder Unterhaltspraktikerin\/Unterhaltspraktiker EBA ausgeschrieben? Wenn Jobs in der Region Aargau\/Solothurn verf\u00fcgbar sind, ver\u00f6ffentlichen wir sie hier. zur SFB Jobb\u00f6rse Offene Lehrstellen Beim offiziellen Schweizer Lehrstellenachweis LENA findest du Lehrstellen aus der ganzen Schweiz. Jobs Ob nach der Lehre oder mit Berufserfahrung: [&hellip;]<\/p>\n","protected":false},"author":2,"featured_media":0,"parent":0,"menu_order":0,"comment_status":"closed","ping_status":"closed","template":"","meta":{"_acf_changed":false,"footnotes":""},"class_list":["post-8","page","type-page","status-publish","hentry"],"acf":[],"_links":{"self":[{"href":"https:\/\/betriebsunterhalt.ch\/aargau-solothurn\/wp-json\/wp\/v2\/pages\/8","targetHints":{"allow":["GET"]}}],"collection":[{"href":"https:\/\/betriebsunterhalt.ch\/aargau-solothurn\/wp-json\/wp\/v2\/pages"}],"about":[{"href":"https:\/\/betriebsunterhalt.ch\/aargau-solothurn\/wp-json\/wp\/v2\/types\/page"}],"author":[{"embeddable":true,"href":"https:\/\/betriebsunterhalt.ch\/aargau-solothurn\/wp-json\/wp\/v2\/users\/2"}],"replies":[{"embeddable":true,"href":"https:\/\/betriebsunterhalt.ch\/aargau-solothurn\/wp-json\/wp\/v2\/comments?post=8"}],"version-history":[{"count":0,"href":"https:\/\/betriebsunterhalt.ch\/aargau-solothurn\/wp-json\/wp\/v2\/pages\/8\/revisions"}],"wp:attachment":[{"href":"https:\/\/betriebsunterhalt.ch\/aargau-solothurn\/wp-json\/wp\/v2\/media?parent=8"}],"curies":[{"name":"wp","href":"https:\/\/api.w.org\/{rel}","templated":true}]}}