{"id":878,"date":"2023-05-11T13:38:58","date_gmt":"2023-05-11T11:38:58","guid":{"rendered":"https:\/\/betriebsunterhalt.ch\/bern\/?page_id=878"},"modified":"2026-02-25T16:21:29","modified_gmt":"2026-02-25T15:21:29","slug":"ausbildungszentrum","status":"publish","type":"page","link":"https:\/\/betriebsunterhalt.ch\/bern\/ausbildungszentrum\/","title":{"rendered":"Ausbildungszentrum"},"content":{"rendered":"<h1>Ausbildungszentrum Aefligen<\/h1>\n<div>\n<p>Die \u00fcberbetrieblichen Kursen (\u00fcK) finden grossmehrheitlich in unserem Ausbildungszentrum in Aefligen statt. Der SFB Bern hat die Liegenschaft per 01.01.2015 gekauft und seither laufend saniert und den wechselnden Anforderungen an die Berufsbildung angepasst.\u00a0 Informationen \u00fcber unser Ausbildungszentrum sowie die Geschichte der Liegenschaft findest du hier.<\/p>\n<\/div>\n<h2>Neue Weiterbildungs-Angebote<\/h2>\n<div>\n<h3>neue Weiterbildungs-Angebote<\/h3>\n<div>\n<p><span>Hier finden Sie die neuen Weiterbildungsangebote<\/span><\/p>\n<\/div>\n<p><a href=\"https:\/\/betriebsunterhalt.ch\/bern\/weiterbildung\/\">Kursdaten<\/a><\/p>\n<\/div>\n<h2>Wegbeschrieb vom Bahnhof zum Ausbildungszentrum<\/h2>\n<p><iframe src=\"https:\/\/youtu.be\/pZ9ggFtTc0M\"><\/iframe><\/p>\n<h2>Geschichte Ausbildungszentrum<\/h2>\n<ul>\n<li>\n<p>        <img decoding=\"async\" src=\"\/bern\/wp-content\/uploads\/sites\/2\/2026\/02\/IMG_6158-scaled.jpg\" alt=\"\"><\/p>\n<h3>2025<\/h3>\n<div>\n<p>Ein echtes Gemeinschaftsprojekt: Im August 2025 wurde in Zusammenarbeit mit Lernenden einen neuen Bachlauf im Aussenbereich. Das Projekt verbindet Natur mit praktischem Handwerk und ist ein stolzes Zeugnis f\u00fcr die fundierte Ausbildung in unserem Zentrum.<\/p>\n<\/div>\n<\/li>\n<li>\n<p>        <img decoding=\"async\" src=\"\/bern\/wp-content\/uploads\/sites\/2\/2023\/08\/Gebaeude.jpg\" alt=\"\"><\/p>\n<h3>2023<\/h3>\n<div>\n<p>Neugestaltung des Aussenraums mit neuem behindertengerechten Eingangsbereich durch den SFB Sektion Bern.<\/p>\n<p>Montage der Signalethik an der Fassade und im Aussenbereich.<\/p>\n<p>Die Wohnung wird in das Ausbildungszentrum integriert.<\/p>\n<\/div>\n<\/li>\n<li>\n<h3>2022<\/h3>\n<div>\n<p>Komplette Sanierung der Aussenh\u00fclle f\u00fcr CHF 400&#8217;000 durch den SFB Sektion Bern.<\/p>\n<\/div>\n<\/li>\n<li>\n<p>        <img decoding=\"async\" src=\"\/bern\/wp-content\/uploads\/sites\/2\/2023\/06\/IMG_9047-scaled.jpg\" alt=\"\"><\/p>\n<h3>2021<\/h3>\n<div>\n<p>Komplette Innensanierung und Neuanordnung der R\u00e4umlichkeiten f\u00fcr insgesamt CHF 1 Million durch den SFB Sektion Bern.<\/p>\n<\/div>\n<\/li>\n<li>\n<p>        <img decoding=\"async\" src=\"\/bern\/wp-content\/uploads\/sites\/2\/2023\/06\/IMG_5485-scaled.jpg\" alt=\"\"><\/p>\n<h3>2015<\/h3>\n<div>\n<p>Die Sektion Bern kauft das Hauptgeb\u00e4ude an der Utzenstorfstrasse 18 in Aefligen.<\/p>\n<\/div>\n<\/li>\n<li>\n<h3>2014<\/h3>\n<div>\n<table>\n<tbody>\n<tr>\n<td width=\"565\">\n<p><span>Erster Kontakt mit Herrn Peter Kernen, damaliger Pr\u00e4sident der Sektion Bern des <\/span><span>Schweizerischen Fachverbandes Betriebsunterhalt SFB. Der SFB hat Interesse am Kauf der Liegenschaften als Ausbildungszentrum.<\/span><\/p>\n<\/td>\n<\/tr>\n<tr>\n<td width=\"565\">\n<\/td>\n<\/tr>\n<\/tbody>\n<\/table>\n<\/div>\n<\/li>\n<li>\n<h3>2008<\/h3>\n<div>\n<p>Verkauf der Rundbogenhalle an die Zaugg Hoch- &amp; Tiefbau AG Aefligen.<\/p>\n<\/div>\n<\/li>\n<li>\n<h3>2006<\/h3>\n<div>\n<p>Verkauf der Handelst\u00e4tigkeit der Televita AG an den Mitarbeiter Christoph M\u00fchlemann, eidg. diplomierter Radio-TV-Elektroniker an seinen neuen Standort am Bahnweg in R\u00fcdtligen.<\/p>\n<p>Die Liegenschaft wird darauf hin an diverse Mieter als\u00a0 Gesch\u00e4ftsliegenschaft weitervermietet.<\/p>\n<\/div>\n<\/li>\n<li>\n<h3>1989 &#8211; 2006<\/h3>\n<div>\n<p><span>Die Televita AG wird als reine Handelsgesellschaft weitergef\u00fchrt. Als <\/span><span>Hauptt\u00e4tigkeit entwickelt sich der Verkauf von gebrauchter Unterhaltungselektronik <\/span><span>in L\u00e4nder Osteuropas, Schwerpunkt Rum\u00e4nien. <\/span><\/p>\n<p><span>Mit der Firma Interdiscount Jegenstorf wird ein Vertrag abgeschlossen, der ihnen garantiert, alle Eintauschger\u00e4te aus <\/span><span>s\u00e4mtlichen ca. 160 Filialen der Schweiz an die Televita AG verkauft werden. <\/span><\/p>\n<p><span>So <\/span><span>verlassen jeden Monat 2-3 Sattelschlepper haupts\u00e4chlich mit TV-Ger\u00e4ten den Betrieb Richtung Osteuropa. In der Schweiz wird der Radio-Fernseh-Fachhandel mit Ersatzteilen und Zubeh\u00f6r f\u00fcr die Unterhaltungselektronik beliefert.<\/span><\/p>\n<\/div>\n<\/li>\n<li>\n<h3>1989<\/h3>\n<div>\n<p><span>Aufgabe der Produktion. Verkauf der Produktionsstrasse nach Suzhou (China).<\/span><\/p>\n<p><span>Von Januar bis Anfang April 1989 sind 10 Personen aus China im Betrieb t\u00e4tig. Zuerst, um mit der Anlage zu arbeiten und damit vertraut zu werden. In der BZ erscheint ein 3\/4- seitiger Bericht unter dem Titel \u00ab Chinesen kaufen sich das Know-how im <\/span><span>Emmental\u00bb. Danach Abbau der Anlage mit den damaligen Mitarbeitenden und den 10 Chinesen. Anfang April stehen 10 Stk. vollbeladene 20 Fuss Container mit rund 100 Tonnen<\/span><\/p>\n<p><span>Maschinen bereit zum Abtransport, um via Transsibirische Eisenbahn ins Werk nach Suzhou in China zu gelangen.<\/span><\/p>\n<\/div>\n<\/li>\n<li>\n<h3>1982<\/h3>\n<div>\n<p><span>Erstellung einer Lagerhalle (Rundbogenhalle System Losberger) mit einer Nutzfl\u00e4che von 600m2 vis-a-vis der bestehenden Produktionshalle.<\/span><\/p>\n<\/div>\n<\/li>\n<li>\n<h3>1978 &#8211; 1980<\/h3>\n<div>\n<p><span>Bau einer vollautomatischen Produktionsstrasse f\u00fcr Bildr\u00f6hren. Tageskapazit\u00e4t <\/span><span>100 Stk. Bildr\u00f6hren, Gesamtinvestition von CHF 1,5 Mio. Mitarbeiterzahl 25 Personen.<\/span><\/p>\n<\/div>\n<\/li>\n<li>\n<h3>1977<\/h3>\n<div>\n<p>Erweiterung der bestehenden Industriehalle auf insgesamt 50m x 12m.<\/p>\n<\/div>\n<\/li>\n<li>\n<h3>1964<\/h3>\n<div>\n<p>Sitzverlegung nach Aefligen, Bau eines Betriebsgeb\u00e4udes an der Utzenstorfstrasse<\/p>\n<\/div>\n<\/li>\n<li>\n<h3>1961<\/h3>\n<div>\n<p>Gr\u00fcndung der Televita AG Bildr\u00f6hrentechnik durch die Herren Fritz Tanner (Sen) und Silvio Tanner (Jun) mit Standort in Burgdorf, Zweck der Firma: Systemerneuerung von Bildr\u00f6hren.<\/p>\n<\/div>\n<\/li>\n<\/ul>\n<div>\n<p>47.0958,7.55771<\/p>\n<div>\n<p><strong>Ausbildungszentrum Aefligen<\/strong><br \/>Utzenstorfstrasse 18<br \/>3426 Aefligen<\/p>\n<\/div>\n<\/div>\n<h2>Mehr Infos<\/h2>\n<ul>\n<li>\n<p><a href=\"https:\/\/www.betriebsunterhalt.ch\/berufsbildung\"><\/p>\n<p>Lehrmittel: Bestellung<\/p>\n<p><\/a><\/p>\n<\/li>\n<li>\n<p><a href=\"https:\/\/www.betriebsunterhalt.ch\/berufsbild\"><\/p>\n<p>Berufsbild: Deine Arbeit<\/p>\n<p><\/a><\/p>\n<\/li>\n<li>\n<p><a href=\"https:\/\/www.betriebsunterhalt.ch\/weiterbildung\"><\/p>\n<p>Weiterbildungsm\u00f6glichkeiten: Deine Karriere-Chancen<\/p>\n<p><\/a><\/p>\n<\/li>\n<\/ul>\n<p><!--more--><br \/>\n<!-- {\"type\":\"layout\",\"children\":[{\"name\":\"Slider\",\"type\":\"section\",\"props\":{\"height\":\"page\",\"image\":\"wp-content\\\/uploads\\\/sites\\\/2\\\/2022\\\/01\\\/header_unterseite_0008_170262_1779.jpeg\",\"image_position\":\"center-center\",\"image_size\":\"cover\",\"image_width\":\"2560\",\"padding\":\"large\",\"style\":\"default\",\"text_color\":\"light\",\"title_breakpoint\":\"xl\",\"title_position\":\"top-left\",\"title_rotation\":\"left\",\"vertical_align\":\"\",\"width\":\"\"},\"children\":[{\"type\":\"row\",\"children\":[{\"type\":\"column\",\"props\":{\"image_position\":\"center-center\",\"position_sticky_breakpoint\":\"m\",\"width_medium\":\"1-1\"}}]}]},{\"type\":\"section\",\"props\":{\"image_position\":\"center-center\",\"style\":\"default\",\"title_breakpoint\":\"xl\",\"title_position\":\"top-left\",\"title_rotation\":\"left\",\"vertical_align\":\"\",\"width\":\"default\"},\"children\":[{\"type\":\"row\",\"children\":[{\"type\":\"column\",\"props\":{\"image_position\":\"center-center\",\"position_sticky_breakpoint\":\"m\"},\"children\":[{\"type\":\"headline\",\"props\":{\"content\":\"Ausbildungszentrum Aefligen\",\"text_align\":\"center\",\"title_decoration\":\"bullet\",\"title_element\":\"h1\"}},{\"type\":\"text\",\"props\":{\"column_breakpoint\":\"m\",\"content\":\"\n\n<p>Die \\u00fcberbetrieblichen Kursen (\\u00fcK) finden grossmehrheitlich in unserem Ausbildungszentrum in Aefligen statt. Der SFB Bern hat die Liegenschaft per 01.01.2015 gekauft und seither laufend saniert und den wechselnden Anforderungen an die Berufsbildung angepasst.\\u00a0 Informationen \\u00fcber unser Ausbildungszentrum sowie die Geschichte der Liegenschaft findest du hier.<\\\/p>\",\"margin\":\"medium\",\"text_align\":\"center\",\"text_style\":\"lead\"}}]}]}]},{\"type\":\"section\",\"props\":{\"image_position\":\"center-center\",\"style\":\"default\",\"title_breakpoint\":\"xl\",\"title_position\":\"top-left\",\"title_rotation\":\"left\",\"vertical_align\":\"\",\"width\":\"default\"},\"children\":[{\"type\":\"row\",\"children\":[{\"type\":\"column\",\"props\":{\"image_position\":\"center-center\",\"position_sticky_breakpoint\":\"m\"},\"children\":[{\"type\":\"headline\",\"props\":{\"content\":\"Neue Weiterbildungs-Angebote\",\"link_target\":true,\"text_align\":\"center\",\"title_decoration\":\"bullet\",\"title_element\":\"h2\"}},{\"type\":\"accordion\",\"props\":{\"collapsible\":true,\"content_column_breakpoint\":\"m\",\"css\":\".uk-accordion-title {\\n    padding: 10px;\\n}\\n\\n.el-item {\\n    background:#e5e5e5;\\n    padding-top: 0px;\\n    border-left: 3px solid #6E6E6E;\\n}\\n\\n.uk-open {\\n\\tborder-left: none;\\n}\\n\\n.uk-open .uk-accordion-title {\\n    padding-left:26px;\\n    background:#ed7a2e;\\n}\\n\\n.el-title {\\n    color: #6E6E6E;\\n}\\n\\n.uk-open .el-title {\\n    color: white;\\n}\\n\\n.uk-accordion-content {\\n    background: #e5e5e5;\\n    padding: 26px;\\n    padding-top:0px\\n}\\n\",\"image_align\":\"top\",\"image_grid_breakpoint\":\"m\",\"image_grid_width\":\"1-2\",\"image_svg_color\":\"emphasis\",\"link_style\":\"secondary\",\"link_text\":\"Read more\",\"show_image\":true,\"show_link\":true},\"children\":[{\"type\":\"accordion_item\",\"props\":{\"content\":\"\n\n<p><span>Hier finden Sie die neuen Weiterbildungsangebote<\\\/span><\\\/p>\",\"link\":\"https:\\\/\\\/betriebsunterhalt.ch\\\/bern\\\/weiterbildung\\\/\",\"link_text\":\"Kursdaten\",\"title\":\"neue Weiterbildungs-Angebote\"}}]}]}]}]},{\"type\":\"section\",\"props\":{\"image_position\":\"center-center\",\"style\":\"default\",\"title_breakpoint\":\"xl\",\"title_position\":\"top-left\",\"title_rotation\":\"left\",\"vertical_align\":\"\",\"width\":\"default\"},\"children\":[{\"type\":\"row\",\"children\":[{\"type\":\"column\",\"props\":{\"image_position\":\"center-center\",\"position_sticky_breakpoint\":\"m\"},\"children\":[{\"type\":\"headline\",\"props\":{\"content\":\"Wegbeschrieb vom Bahnhof zum Ausbildungszentrum\",\"link_target\":true,\"text_align\":\"center\",\"title_decoration\":\"bullet\",\"title_element\":\"h2\"}},{\"type\":\"video\",\"props\":{\"margin\":\"small\",\"text_align\":\"center\",\"video\":\"https:\\\/\\\/youtu.be\\\/pZ9ggFtTc0M\",\"video_controls\":true}}]}]}]},{\"type\":\"section\",\"props\":{\"image_position\":\"center-center\",\"style\":\"default\",\"title_breakpoint\":\"xl\",\"title_position\":\"top-left\",\"title_rotation\":\"left\",\"vertical_align\":\"\",\"width\":\"default\"},\"children\":[{\"type\":\"row\",\"children\":[{\"type\":\"column\",\"props\":{\"image_position\":\"center-center\",\"position_sticky_breakpoint\":\"m\"},\"children\":[{\"type\":\"headline\",\"props\":{\"content\":\"Geschichte Ausbildungszentrum\",\"text_align\":\"center\",\"title_decoration\":\"bullet\",\"title_element\":\"h2\"}},{\"type\":\"hd-timeline\",\"props\":{\"align_default\":\"right\",\"align_medium\":\"left-alternate\",\"content_column_breakpoint\":\"m\",\"icon_width\":80,\"image_align\":\"top\",\"image_grid_breakpoint\":\"m\",\"image_grid_width\":\"1-2\",\"image_svg_color\":\"emphasis\",\"item_animation\":true,\"line_color\":\"rgba(50, 145, 209, 1)\",\"link_style\":\"default\",\"link_text\":\"Read more\",\"margin\":\"default\",\"meta_align\":\"below-title\",\"meta_element\":\"div\",\"meta_style\":\"text-meta\",\"panel_padding\":\"default\",\"panel_style\":\"card-default\",\"parallax_easing\":\"1\",\"show_content\":true,\"show_image\":true,\"show_link\":true,\"show_meta\":true,\"show_title\":true,\"timeline_icon_background\":\"rgba(255, 255, 255, 1)\",\"timeline_icon_border\":\"rgba(50, 145, 209, 1)\",\"timeline_icon_width\":40,\"title_align\":\"top\",\"title_element\":\"h3\",\"title_grid_breakpoint\":\"m\",\"title_grid_width\":\"1-2\",\"title_hover_style\":\"reset\",\"title_style\":\"h3\"},\"children\":[{\"type\":\"hd-timeline_item\",\"props\":{\"content\":\"\n\n<p>Ein echtes Gemeinschaftsprojekt: Im August 2025 wurde in Zusammenarbeit mit Lernenden einen neuen Bachlauf im Aussenbereich. Das Projekt verbindet Natur mit praktischem Handwerk und ist ein stolzes Zeugnis f\\u00fcr die fundierte Ausbildung in unserem Zentrum.<\\\/p>\",\"image\":\"wp-content\\\/uploads\\\/sites\\\/2\\\/2026\\\/02\\\/IMG_6158-scaled.jpg\",\"title\":\"2025\"}},{\"type\":\"hd-timeline_item\",\"props\":{\"content\":\"\n\n<p>Neugestaltung des Aussenraums mit neuem behindertengerechten Eingangsbereich durch den SFB Sektion Bern.<\\\/p>\\n\n\n<p>Montage der Signalethik an der Fassade und im Aussenbereich.<\\\/p>\\n\n\n<p>Die Wohnung wird in das Ausbildungszentrum integriert.<\\\/p>\",\"image\":\"wp-content\\\/uploads\\\/sites\\\/2\\\/2023\\\/08\\\/Gebaeude.jpg\",\"title\":\"2023\"}},{\"type\":\"hd-timeline_item\",\"props\":{\"content\":\"\n\n<p>Komplette Sanierung der Aussenh\\u00fclle f\\u00fcr CHF 400'000 durch den SFB Sektion Bern.<\\\/p>\",\"title\":\"2022\"}},{\"type\":\"hd-timeline_item\",\"props\":{\"content\":\"\n\n<p>Komplette Innensanierung und Neuanordnung der R\\u00e4umlichkeiten f\\u00fcr insgesamt CHF 1 Million durch den SFB Sektion Bern.<\\\/p>\",\"image\":\"wp-content\\\/uploads\\\/sites\\\/2\\\/2023\\\/06\\\/IMG_9047-scaled.jpg\",\"title\":\"2021\"}},{\"type\":\"hd-timeline_item\",\"props\":{\"content\":\"\n\n<p>Die Sektion Bern kauft das Hauptgeb\\u00e4ude an der Utzenstorfstrasse 18 in Aefligen.<\\\/p>\",\"image\":\"wp-content\\\/uploads\\\/sites\\\/2\\\/2023\\\/06\\\/IMG_5485-scaled.jpg\",\"title\":\"2015\"}},{\"type\":\"hd-timeline_item\",\"props\":{\"content\":\"\n\n<table>\\n\n\n<tbody>\\n\n\n<tr>\\n\n\n<td width=\\\"565\\\">\\n\n\n<p><span>Erster Kontakt mit Herrn Peter Kernen, damaliger Pr\\u00e4sident der Sektion Bern des <\\\/span><span>Schweizerischen Fachverbandes Betriebsunterhalt SFB. Der SFB hat Interesse am Kauf der Liegenschaften als Ausbildungszentrum.<\\\/span><\\\/p>\\n<\\\/td>\\n<\\\/tr>\\n\n\n<tr>\\n\n\n<td width=\\\"565\\\">\\n\n\n<p><\\\/p>\\n<\\\/td>\\n<\\\/tr>\\n<\\\/tbody>\\n<\\\/table>\",\"title\":\"2014\"}},{\"type\":\"hd-timeline_item\",\"props\":{\"content\":\"\n\n<p>Verkauf der Rundbogenhalle an die Zaugg Hoch- &amp; Tiefbau AG Aefligen.<\\\/p>\",\"title\":\"2008\"}},{\"type\":\"hd-timeline_item\",\"props\":{\"content\":\"\n\n<p>Verkauf der Handelst\\u00e4tigkeit der Televita AG an den Mitarbeiter Christoph M\\u00fchlemann, eidg. diplomierter Radio-TV-Elektroniker an seinen neuen Standort am Bahnweg in R\\u00fcdtligen.<\\\/p>\\n\n\n<p>Die Liegenschaft wird darauf hin an diverse Mieter als\\u00a0 Gesch\\u00e4ftsliegenschaft weitervermietet.<\\\/p>\",\"title\":\"2006\"}},{\"type\":\"hd-timeline_item\",\"props\":{\"content\":\"\n\n<p><span>Die Televita AG wird als reine Handelsgesellschaft weitergef\\u00fchrt. Als <\\\/span><span>Hauptt\\u00e4tigkeit entwickelt sich der Verkauf von gebrauchter Unterhaltungselektronik <\\\/span><span>in L\\u00e4nder Osteuropas, Schwerpunkt Rum\\u00e4nien. <\\\/span><\\\/p>\\n\n\n<p><span>Mit der Firma Interdiscount Jegenstorf wird ein Vertrag abgeschlossen, der ihnen garantiert, alle Eintauschger\\u00e4te aus <\\\/span><span>s\\u00e4mtlichen ca. 160 Filialen der Schweiz an die Televita AG verkauft werden. <\\\/span><\\\/p>\\n\n\n<p><span>So <\\\/span><span>verlassen jeden Monat 2-3 Sattelschlepper haupts\\u00e4chlich mit TV-Ger\\u00e4ten den Betrieb Richtung Osteuropa. In der Schweiz wird der Radio-Fernseh-Fachhandel mit Ersatzteilen und Zubeh\\u00f6r f\\u00fcr die Unterhaltungselektronik beliefert.<\\\/span><\\\/p>\",\"title\":\"1989 - 2006\"}},{\"type\":\"hd-timeline_item\",\"props\":{\"content\":\"\n\n<p><span>Aufgabe der Produktion. Verkauf der Produktionsstrasse nach Suzhou (China).<\\\/span><\\\/p>\\n\n\n<p><span>Von Januar bis Anfang April 1989 sind 10 Personen aus China im Betrieb t\\u00e4tig. Zuerst, um mit der Anlage zu arbeiten und damit vertraut zu werden. In der BZ erscheint ein 3\\\/4- seitiger Bericht unter dem Titel \\u00ab Chinesen kaufen sich das Know-how im <\\\/span><span>Emmental\\u00bb. Danach Abbau der Anlage mit den damaligen Mitarbeitenden und den 10 Chinesen. Anfang April stehen 10 Stk. vollbeladene 20 Fuss Container mit rund 100 Tonnen<\\\/span><\\\/p>\\n\n\n<p><span>Maschinen bereit zum Abtransport, um via Transsibirische Eisenbahn ins Werk nach Suzhou in China zu gelangen.<\\\/span><\\\/p>\",\"title\":\"1989\"}},{\"type\":\"hd-timeline_item\",\"props\":{\"content\":\"\n\n<p><span>Erstellung einer Lagerhalle (Rundbogenhalle System Losberger) mit einer Nutzfl\\u00e4che von 600m2 vis-a-vis der bestehenden Produktionshalle.<\\\/span><\\\/p>\",\"title\":\"1982\"}},{\"type\":\"hd-timeline_item\",\"props\":{\"content\":\"\n\n<p><span>Bau einer vollautomatischen Produktionsstrasse f\\u00fcr Bildr\\u00f6hren. Tageskapazit\\u00e4t <\\\/span><span>100 Stk. Bildr\\u00f6hren, Gesamtinvestition von CHF 1,5 Mio. Mitarbeiterzahl 25 Personen.<\\\/span><\\\/p>\",\"title\":\"1978 - 1980\"}},{\"type\":\"hd-timeline_item\",\"props\":{\"content\":\"\n\n<p>Erweiterung der bestehenden Industriehalle auf insgesamt 50m x 12m.<\\\/p>\",\"title\":\"1977\"}},{\"type\":\"hd-timeline_item\",\"props\":{\"content\":\"\n\n<p>Sitzverlegung nach Aefligen, Bau eines Betriebsgeb\\u00e4udes an der Utzenstorfstrasse<\\\/p>\",\"title\":\"1964\"}},{\"type\":\"hd-timeline_item\",\"props\":{\"content\":\"\n\n<p>Gr\\u00fcndung der Televita AG Bildr\\u00f6hrentechnik durch die Herren Fritz Tanner (Sen) und Silvio Tanner (Jun) mit Standort in Burgdorf, Zweck der Firma: Systemerneuerung von Bildr\\u00f6hren.<\\\/p>\",\"title\":\"1961\"}}],\"name\":\"Geschichte\"}]}]}]},{\"type\":\"section\",\"props\":{\"image_position\":\"center-center\",\"style\":\"default\",\"title_breakpoint\":\"xl\",\"title_position\":\"top-left\",\"title_rotation\":\"left\",\"vertical_align\":\"\",\"width\":\"default\"},\"children\":[{\"type\":\"row\",\"children\":[{\"type\":\"column\",\"props\":{\"image_position\":\"center-center\",\"position_sticky_breakpoint\":\"m\"},\"children\":[{\"type\":\"map\",\"props\":{\"controls\":true,\"dragging\":false,\"image_svg_color\":\"emphasis\",\"link_style\":\"default\",\"link_text\":\"Read more\",\"margin\":\"default\",\"max_zoom\":18,\"meta_align\":\"below-title\",\"meta_element\":\"div\",\"meta_style\":\"text-meta\",\"min_zoom\":0,\"poi\":false,\"show_content\":true,\"show_image\":true,\"show_link\":true,\"show_meta\":true,\"show_title\":true,\"title_element\":\"h3\",\"title_hover_style\":\"reset\",\"type\":\"roadmap\",\"zoom\":10,\"zooming\":false},\"children\":[{\"type\":\"map_item\",\"props\":{\"content\":\"\n\n<p><strong>Ausbildungszentrum Aefligen<\\\/strong><br \\\/>Utzenstorfstrasse 18<br \\\/>3426 Aefligen<\\\/p>\",\"location\":\"47.0958,7.55771\",\"show_popup\":true}}]}]}]}],\"name\":\"Berufsschulen\"},{\"type\":\"section\",\"props\":{\"image_position\":\"center-center\",\"style\":\"default\",\"title_breakpoint\":\"xl\",\"title_position\":\"top-left\",\"title_rotation\":\"left\",\"vertical_align\":\"\",\"width\":\"default\"},\"children\":[{\"type\":\"row\",\"children\":[{\"type\":\"column\",\"props\":{\"image_position\":\"center-center\",\"position_sticky_breakpoint\":\"m\"}}]}]},{\"type\":\"section\",\"props\":{\"image_position\":\"center-center\",\"style\":\"default\",\"title_breakpoint\":\"xl\",\"title_position\":\"top-left\",\"title_rotation\":\"left\",\"vertical_align\":\"\",\"width\":\"default\"},\"children\":[{\"type\":\"row\",\"children\":[{\"type\":\"column\",\"props\":{\"image_position\":\"center-center\",\"position_sticky_breakpoint\":\"m\"},\"children\":[{\"type\":\"headline\",\"props\":{\"content\":\"Mehr Infos\",\"text_align\":\"left\",\"title_element\":\"h2\",\"title_style\":\"h3\"}},{\"type\":\"list\",\"props\":{\"column_breakpoint\":\"m\",\"image_align\":\"left\",\"image_svg_color\":\"emphasis\",\"image_vertical_align\":true,\"list_element\":\"ul\",\"list_horizontal_separator\":\", \",\"list_marker\":\"disc\",\"list_type\":\"vertical\",\"show_image\":true,\"show_link\":true},\"children\":[{\"type\":\"list_item\",\"props\":{\"content\":\"\n\n<p>Lehrmittel: Bestellung<\\\/p>\",\"link\":\"https:\\\/\\\/www.betriebsunterhalt.ch\\\/berufsbildung\"}},{\"type\":\"list_item\",\"props\":{\"content\":\"\n\n<p>Berufsbild: Deine Arbeit<\\\/p>\",\"link\":\"https:\\\/\\\/www.betriebsunterhalt.ch\\\/berufsbild\"}},{\"type\":\"list_item\",\"props\":{\"content\":\"\n\n<p>Weiterbildungsm\\u00f6glichkeiten: Deine Karriere-Chancen<\\\/p>\",\"link\":\"https:\\\/\\\/www.betriebsunterhalt.ch\\\/weiterbildung\"}}]}]}]}]}],\"version\":\"4.5.32\",\"yooessentialsVersion\":\"2.4.12\"} --><\/p>\n","protected":false},"excerpt":{"rendered":"<p>Ausbildungszentrum Aefligen Die \u00fcberbetrieblichen Kursen (\u00fcK) finden grossmehrheitlich in unserem Ausbildungszentrum in Aefligen statt. Der SFB Bern hat die Liegenschaft per 01.01.2015 gekauft und seither laufend saniert und den wechselnden Anforderungen an die Berufsbildung angepasst.\u00a0 Informationen \u00fcber unser Ausbildungszentrum sowie die Geschichte der Liegenschaft findest du hier. Neue Weiterbildungs-Angebote neue Weiterbildungs-Angebote Hier finden Sie die [&hellip;]<\/p>\n","protected":false},"author":2,"featured_media":0,"parent":0,"menu_order":0,"comment_status":"closed","ping_status":"closed","template":"","meta":{"_acf_changed":false,"footnotes":""},"class_list":["post-878","page","type-page","status-publish","hentry"],"acf":[],"_links":{"self":[{"href":"https:\/\/betriebsunterhalt.ch\/bern\/wp-json\/wp\/v2\/pages\/878","targetHints":{"allow":["GET"]}}],"collection":[{"href":"https:\/\/betriebsunterhalt.ch\/bern\/wp-json\/wp\/v2\/pages"}],"about":[{"href":"https:\/\/betriebsunterhalt.ch\/bern\/wp-json\/wp\/v2\/types\/page"}],"author":[{"embeddable":true,"href":"https:\/\/betriebsunterhalt.ch\/bern\/wp-json\/wp\/v2\/users\/2"}],"replies":[{"embeddable":true,"href":"https:\/\/betriebsunterhalt.ch\/bern\/wp-json\/wp\/v2\/comments?post=878"}],"version-history":[{"count":2,"href":"https:\/\/betriebsunterhalt.ch\/bern\/wp-json\/wp\/v2\/pages\/878\/revisions"}],"predecessor-version":[{"id":4219,"href":"https:\/\/betriebsunterhalt.ch\/bern\/wp-json\/wp\/v2\/pages\/878\/revisions\/4219"}],"wp:attachment":[{"href":"https:\/\/betriebsunterhalt.ch\/bern\/wp-json\/wp\/v2\/media?parent=878"}],"curies":[{"name":"wp","href":"https:\/\/api.w.org\/{rel}","templated":true}]}}