{"id":1798,"date":"2025-10-15T10:21:28","date_gmt":"2025-10-15T08:21:28","guid":{"rendered":"https:\/\/betriebsunterhalt.ch\/romandie\/?page_id=1798"},"modified":"2026-04-27T08:57:23","modified_gmt":"2026-04-27T06:57:23","slug":"formation-continue","status":"publish","type":"page","link":"https:\/\/betriebsunterhalt.ch\/romandie\/formation-continue\/","title":{"rendered":"Formation continue"},"content":{"rendered":"<h1>Formations continues pour agents d&rsquo;exploitation<br \/>\n<\/h1>\n<div>\n<p style=\"text-align: left;\">La formation continue est importante !<\/p>\n<p>Nous organisons r\u00e9guli\u00e8rement des cours tr\u00e8s ax\u00e9s pratiques, anim\u00e9s par des professionnels du terrain. Montez en comp\u00e9tence, obtenez vos certifications et d\u00e9veloppez votre r\u00e9seau \u2014 en une ou deux journ\u00e9es.<\/p>\n<\/div>\n<p><p>\n        <a href=\"#cours\">Voir les prochains cours<\/a>\n    <\/p>\n<\/p>\n<p><img decoding=\"async\" src=\"\/romandie\/wp-content\/uploads\/sites\/8\/2026\/04\/SFB-Post-Insta-1080-x-1080-px.png\" alt=\"\"><\/p>\n<h1>Prochains cours<\/h1>\n<ul>\n<li>\n<div>Dates<\/div>\n<\/li>\n<li>\n<div>Formation<\/div>\n<\/li>\n<li>\n<div>Lieu de formation<\/div>\n<\/li>\n<\/ul>\n<div>Prochaines dates \u00e0 venir<\/div>\n<p><!--more--><br \/>\n<!-- {\"type\":\"layout\",\"children\":[{\"name\":\"Header\",\"type\":\"section\",\"props\":{\"height\":\"page\",\"image\":\"wp-content\/uploads\/sites\/2\/2022\/01\/header_unterseite_0003_170262_2101.jpeg\",\"image_position\":\"center-center\",\"image_size\":\"cover\",\"image_width\":\"2560\",\"padding_bottom\":\"large\",\"padding_top\":\"large\",\"style\":\"default\",\"text_color\":\"light\",\"title_breakpoint\":\"xl\",\"title_position\":\"top-left\",\"title_rotation\":\"left\",\"vertical_align\":\"\",\"width\":\"\"},\"children\":[{\"type\":\"row\",\"children\":[{\"type\":\"column\",\"props\":{\"image_position\":\"center-center\",\"position_sticky_breakpoint\":\"m\",\"width_medium\":\"1-1\"}}]}]},{\"type\":\"section\",\"props\":{\"image_position\":\"center-center\",\"style\":\"default\",\"title_breakpoint\":\"xl\",\"title_position\":\"top-left\",\"title_rotation\":\"left\",\"vertical_align\":\"middle\",\"width\":\"default\"},\"children\":[{\"type\":\"row\",\"children\":[{\"type\":\"column\",\"props\":{\"image_position\":\"center-center\",\"position_sticky_breakpoint\":\"m\",\"width_medium\":\"3-5\"},\"children\":[{\"type\":\"headline\",\"props\":{\"content\":\"Formations continues pour agents d'exploitation\\n\",\"image_align\":\"left\",\"image_margin\":\"xsmall\",\"text_align\":\"left\",\"title_color\":\"secondary\",\"title_decoration\":\"bullet\",\"title_element\":\"h1\"}},{\"type\":\"text\",\"props\":{\"column_breakpoint\":\"m\",\"content\":\"\n\n<p style=\\\"text-align: left;\\\">La formation continue est importante !\n\nNous organisons r\u00e9guli\u00e8rement des cours tr\u00e8s ax\u00e9s pratiques, anim\u00e9s par des professionnels du terrain. Montez en comp\u00e9tence, obtenez vos certifications et d\u00e9veloppez votre r\u00e9seau \u2014 en une ou deux journ\u00e9es.<\/p>\n\n\",\"margin_bottom\":\"default\",\"margin_top\":\"default\"}},{\"type\":\"button\",\"props\":{\"grid_column_gap\":\"small\",\"grid_row_gap\":\"small\",\"margin_bottom\":\"default\",\"margin_top\":\"default\"},\"children\":[{\"type\":\"button_item\",\"props\":{\"button_style\":\"secondary\",\"content\":\"Voir les prochains cours\",\"dialog_layout\":\"modal\",\"dialog_offcanvas_flip\":true,\"icon\":\"arrow-down\",\"icon_align\":\"right\",\"link\":\"#cours\"}}]}]},{\"type\":\"column\",\"props\":{\"image_position\":\"center-center\",\"position_sticky_breakpoint\":\"m\",\"width_medium\":\"2-5\"},\"children\":[{\"type\":\"image\",\"props\":{\"image\":\"wp-content\/uploads\/sites\/8\/2026\/04\/SFB-Post-Insta-1080-x-1080-px.png\",\"image_border\":\"rounded\",\"image_svg_color\":\"emphasis\",\"margin_bottom\":\"default\",\"margin_top\":\"default\"}}]}],\"props\":{\"layout\":\"3-5,2-5\"}}]},{\"type\":\"section\",\"props\":{\"id\":\"cours\",\"image_position\":\"center-center\",\"style\":\"default\",\"title_breakpoint\":\"xl\",\"title_position\":\"top-left\",\"title_rotation\":\"left\",\"vertical_align\":\"middle\",\"width\":\"default\"},\"children\":[{\"type\":\"row\",\"children\":[{\"type\":\"column\",\"props\":{\"image_position\":\"center-center\",\"position_sticky_breakpoint\":\"m\"},\"children\":[{\"type\":\"headline\",\"props\":{\"content\":\"Prochains cours\",\"image_align\":\"left\",\"image_margin\":\"xsmall\",\"text_align\":\"left\",\"title_color\":\"secondary\",\"title_decoration\":\"bullet\",\"title_element\":\"h1\"}},{\"type\":\"grid\",\"props\":{\"content_column_breakpoint\":\"m\",\"content_style\":\"h2\",\"filter\":true,\"filter_align\":\"left\",\"filter_all\":false,\"filter_grid_breakpoint\":\"m\",\"filter_grid_width\":\"auto\",\"filter_margin\":\"medium\",\"filter_position\":\"top\",\"filter_style\":\"tab\",\"grid_column_align\":false,\"grid_column_gap\":\"collapse\",\"grid_default\":\"2\",\"grid_divider\":false,\"grid_masonry\":\"next\",\"grid_medium\":\"3\",\"grid_parallax\":\"0\",\"grid_parallax_justify\":true,\"grid_row_align\":true,\"grid_row_gap\":\"small\",\"image_align\":\"top\",\"image_grid_breakpoint\":\"m\",\"image_grid_width\":\"1-2\",\"image_svg_color\":\"emphasis\",\"item_animation\":true,\"item_maxwidth\":\"xlarge\",\"lightbox_bg_close\":true,\"link_style\":\"default\",\"link_text\":\"Read more\",\"margin_bottom\":\"default\",\"margin_top\":\"default\",\"meta_align\":\"below-title\",\"meta_element\":\"div\",\"meta_style\":\"heading-small\",\"panel_padding\":\"large\",\"position\":\"relative\",\"position_right\":\"-10\",\"show_content\":true,\"show_hover_image\":true,\"show_hover_video\":true,\"show_image\":true,\"show_link\":true,\"show_meta\":true,\"show_title\":true,\"show_video\":true,\"title_align\":\"top\",\"title_element\":\"h3\",\"title_grid_breakpoint\":\"m\",\"title_grid_width\":\"1-2\",\"title_hover_style\":\"reset\",\"title_style\":\"h1\"},\"children\":[{\"type\":\"grid_item\",\"props\":{\"content\":\"Dates\",\"title\":\"\"}},{\"type\":\"grid_item\",\"props\":{\"content\":\"Formation\",\"hover_image_focal_point\":\"top-center\",\"lightbox_image_focal_point\":\"top-center\",\"meta\":\"\",\"title\":\"\"}},{\"type\":\"grid_item\",\"props\":{\"content\":\"Lieu de formation\",\"hover_image_focal_point\":\"center-right\",\"lightbox_image_focal_point\":\"center-right\",\"title\":\"\"}}]},{\"type\":\"text\",\"props\":{\"column_breakpoint\":\"m\",\"content\":\"Prochaines dates \u00e0 venir\",\"margin_bottom\":\"default\",\"margin_top\":\"default\",\"text_color\":\"muted\"}},{\"type\":\"grid\",\"props\":{\"content_column_breakpoint\":\"m\",\"filter_align\":\"left\",\"filter_all\":true,\"filter_grid_breakpoint\":\"m\",\"filter_grid_width\":\"auto\",\"filter_position\":\"top\",\"filter_style\":\"tab\",\"grid_default\":\"1\",\"grid_medium\":\"3\",\"image_align\":\"top\",\"image_grid_breakpoint\":\"m\",\"image_grid_width\":\"1-2\",\"image_svg_color\":\"emphasis\",\"item_animation\":true,\"lightbox_bg_close\":true,\"link_style\":\"default\",\"link_text\":\"Read more\",\"margin_bottom\":\"default\",\"margin_top\":\"default\",\"meta_align\":\"below-title\",\"meta_element\":\"div\",\"meta_style\":\"text-meta\",\"show_content\":true,\"show_hover_image\":true,\"show_hover_video\":true,\"show_image\":true,\"show_link\":true,\"show_meta\":true,\"show_title\":true,\"show_video\":true,\"status\":\"disabled\",\"title_align\":\"top\",\"title_element\":\"h3\",\"title_grid_breakpoint\":\"m\",\"title_grid_width\":\"1-2\",\"title_hover_style\":\"reset\"},\"children\":[{\"type\":\"grid_item\",\"props\":{\"content\":\"\",\"title\":\"10.03. et 11.03.2026\"}},{\"type\":\"grid_item\",\"props\":{\"content\":\"\n\n<h3><a href=\\\"https:\/\/betriebsunterhalt.ch\/romandie\/sfb_courses\/entretien-et-nettoyage-interieur-des-batiments\/\\\">Entretien et nettoyage int\u00e9rieur des b\u00e2timents\u00a0<\/a><\/h3>\n\n\",\"panel_style\":\"card-secondary\"}}]}]}]}],\"name\":\"Cours actuels\"},{\"type\":\"section\",\"props\":{\"image_position\":\"center-center\",\"padding_bottom\":\"none\",\"status\":\"disabled\",\"style\":\"default\",\"title_breakpoint\":\"xl\",\"title_position\":\"top-left\",\"title_rotation\":\"left\",\"vertical_align\":\"middle\",\"width\":\"default\"},\"children\":[{\"type\":\"row\",\"children\":[{\"type\":\"column\",\"props\":{\"image_position\":\"center-center\",\"position_sticky_breakpoint\":\"m\"},\"children\":[{\"type\":\"headline\",\"props\":{\"content\":\"Brevet f\u00e9d\u00e9ral de concierge\",\"image_align\":\"left\",\"image_margin\":\"xsmall\",\"text_align\":\"left\",\"title_color\":\"secondary\",\"title_decoration\":\"bullet\",\"title_element\":\"h1\"}},{\"type\":\"text\",\"props\":{\"column_breakpoint\":\"m\",\"content\":\"La SFB Romandie propose une formation professionnelle sup\u00e9rieure pr\u00e9parant au brevet f\u00e9d\u00e9ral de concierge, pens\u00e9e pour les professionnels en activit\u00e9.\",\"margin_bottom\":\"default\",\"margin_top\":\"default\"}}]}]}],\"name\":\"Brevet f\u00e9d\u00e9ral\"},{\"type\":\"section\",\"props\":{\"image_position\":\"center-center\",\"padding_bottom\":\"none\",\"padding_top\":\"small\",\"status\":\"disabled\",\"style\":\"default\",\"title_breakpoint\":\"xl\",\"title_position\":\"top-left\",\"title_rotation\":\"left\",\"vertical_align\":\"middle\",\"width\":\"default\"},\"children\":[{\"type\":\"row\",\"children\":[{\"type\":\"column\",\"props\":{\"image_position\":\"center-center\",\"position_sticky_breakpoint\":\"m\"},\"children\":[{\"type\":\"grid\",\"props\":{\"content_column_breakpoint\":\"m\",\"filter_align\":\"left\",\"filter_all\":true,\"filter_grid_breakpoint\":\"m\",\"filter_grid_width\":\"auto\",\"filter_position\":\"top\",\"filter_style\":\"tab\",\"grid_default\":\"1\",\"grid_medium\":\"2\",\"image_align\":\"top\",\"image_grid_breakpoint\":\"m\",\"image_grid_width\":\"1-2\",\"image_svg_color\":\"emphasis\",\"item_animation\":true,\"lightbox_bg_close\":true,\"link_style\":\"default\",\"link_text\":\"Read more\",\"margin_bottom\":\"default\",\"margin_top\":\"default\",\"meta_align\":\"below-title\",\"meta_element\":\"div\",\"meta_style\":\"text-meta\",\"show_content\":true,\"show_hover_image\":true,\"show_hover_video\":true,\"show_image\":true,\"show_link\":true,\"show_meta\":true,\"show_title\":true,\"show_video\":true,\"title_align\":\"top\",\"title_element\":\"h3\",\"title_grid_breakpoint\":\"m\",\"title_grid_width\":\"1-2\",\"title_hover_style\":\"reset\"},\"children\":[{\"type\":\"grid_item\",\"props\":{\"content\":\"\n\n<div style=\\\"background:#fbfbfb; border:1px solid #dddddd; border-radius:8px; padding:28px;\\\">\\n  \n\n<div style=\\\"display:flex; align-items:center; gap:22px; margin-bottom:16px;\\\">\\n    \n\n<div style=\\\"width:78px; height:78px; border-radius:50%; background:#faecd9; display:flex; align-items:center; justify-content:center; color:#e56a00; font-size:40px;\\\">\\n      \ud83c\udfaf\\n    <\/div>\n\n\\n    \n\n<div style=\\\"flex:1;\\\">\\n      \n\n<h3 style=\\\"margin:0; font-size:28px; line-height:1.2; font-weight:700; color:#0b73c9;\\\">\\n        Objectifs\\n      <\/h3>\n\n\\n    <\/div>\n\n\\n  <\/div>\n\n\\n\\n  \n\n<div style=\\\"height:1px; background:#dddddd; margin:0 0 22px 100px;\\\"><\/div>\n\n\\n\\n  \n\n<ul style=\\\"margin:0 0 0 130px; padding:0; font-size:18px; line-height:1.7; color:#3f4954;\\\">\\n    \n\n<li>Pr\u00e9paration aux examens f\u00e9d\u00e9raux<\/li>\n\n\\n    \n\n<li>Comp\u00e9tences techniques, administratives et organisationnelles<\/li>\n\n\\n    \n\n<li>Gestion, entretien et maintenance des b\u00e2timents<\/li>\n\n\\n    \n\n<li>S\u00e9curit\u00e9, hygi\u00e8ne et \u00e9cologie<\/li>\n\n\\n  <\/ul>\n\n\\n<\/div>\n\n\"}},{\"type\":\"grid_item\",\"props\":{\"content\":\"\n\n<div style=\\\"background:#fbfbfb; border:1px solid #dddddd; border-radius:8px; padding:28px;\\\">\\n  \n\n<div style=\\\"display:flex; align-items:center; gap:22px; margin-bottom:16px;\\\">\\n    \n\n<div style=\\\"width:78px; height:78px; border-radius:50%; background:#faecd9; display:flex; align-items:center; justify-content:center; color:#e56a00; font-size:40px;\\\">\\n      \ud83d\udcc5\\n    <\/div>\n\n\\n    \n\n<div style=\\\"flex:1;\\\">\\n      \n\n<h3 style=\\\"margin:0; font-size:28px; line-height:1.2; font-weight:700; color:#0b73c9;\\\">\\n        Organisation des cours\\n      <\/h3>\n\n\\n    <\/div>\n\n\\n  <\/div>\n\n\\n\\n  \n\n<div style=\\\"height:1px; background:#dddddd; margin:0 0 22px 100px;\\\"><\/div>\n\n\\n\\n  \n\n<ul style=\\\"margin:0 0 0 130px; padding:0; font-size:18px; line-height:1.7; color:#3f4954;\\\">\\n    \n\n<li>430 p\u00e9riodes de 45 minutes<\/li>\n\n\\n    \n\n<li>Mardi soir : 17h30 \u2013 20h40<\/li>\n\n\\n    \n\n<li>Jeudi soir : 17h30 \u2013 20h40<\/li>\n\n\\n    \n\n<li>Samedi : 8 p\u00e9riodes, au maximum un samedi sur trois<\/li>\n\n\\n  <\/ul>\n\n\\n<\/div>\n\n\"}},{\"type\":\"grid_item\",\"props\":{\"content\":\"\n\n<div style=\\\"background:#fbfbfb; border:1px solid #dddddd; border-radius:8px; padding:28px;\\\">\\n  \n\n<div style=\\\"display:flex; align-items:center; gap:22px; margin-bottom:16px;\\\">\\n    \n\n<div style=\\\"width:78px; height:78px; border-radius:50%; background:#faecd9; display:flex; align-items:center; justify-content:center; color:#e56a00; font-size:40px;\\\">\\n      \ud83d\uddd3\ufe0f\\n    <\/div>\n\n\\n    \n\n<div style=\\\"flex:1;\\\">\\n      \n\n<h3 style=\\\"margin:0; font-size:28px; line-height:1.2; font-weight:700; color:#0b73c9;\\\">\\n        Calendrier\\n      <\/h3>\n\n\\n    <\/div>\n\n\\n  <\/div>\n\n\\n\\n  \n\n<div style=\\\"height:1px; background:#dddddd; margin:0 0 22px 100px;\\\"><\/div>\n\n\\n\\n  \n\n<ul style=\\\"margin:0 0 0 130px; padding:0; font-size:18px; line-height:1.7; color:#3f4954;\\\">\\n    \n\n<li>D\u00e9but : fin ao\u00fbt 2026<\/li>\n\n\\n    \n\n<li>Cours : ao\u00fbt 2026 \u00e0 juin 2027<\/li>\n\n\\n    \n\n<li>R\u00e9vision : juillet \u2013 ao\u00fbt 2027<\/li>\n\n\\n    \n\n<li>Examens f\u00e9d\u00e9raux : septembre \u2013 octobre 2027<\/li>\n\n\\n    \n\n<li>Fin de la vol\u00e9e : octobre 2027<\/li>\n\n\\n  <\/ul>\n\n\\n<\/div>\n\n\"}},{\"type\":\"grid_item\",\"props\":{\"content\":\"\n\n<div style=\\\"background:#fbfbfb; border:1px solid #dddddd; border-radius:8px; padding:28px;\\\">\\n  \n\n<div style=\\\"display:flex; align-items:center; gap:22px; margin-bottom:16px;\\\">\\n    \n\n<div style=\\\"width:78px; height:78px; border-radius:50%; background:#faecd9; display:flex; align-items:center; justify-content:center; color:#e56a00; font-size:40px;\\\">\\n      \ud83d\udcb0\\n    <\/div>\n\n\\n    \n\n<div style=\\\"flex:1;\\\">\\n      \n\n<h3 style=\\\"margin:0; font-size:28px; line-height:1.2; font-weight:700; color:#0b73c9;\\\">\\n        Tarif et financement\\n      <\/h3>\n\n\\n    <\/div>\n\n\\n  <\/div>\n\n\\n\\n  \n\n<div style=\\\"height:1px; background:#dddddd; margin:0 0 22px 100px;\\\"><\/div>\n\n\\n\\n  \n\n<ul style=\\\"margin:0 0 0 130px; padding:0; font-size:18px; line-height:1.7; color:#3f4954;\\\">\\n    \n\n<li>Prix : CHF 11\u2019900.\u2013<\/li>\n\n\\n    \n\n<li>Supports de cours et encadrement inclus<\/li>\n\n\\n    \n\n<li>Subvention f\u00e9d\u00e9rale possible jusqu\u2019\u00e0 50%<\/li>\n\n\\n  <\/ul>\n\n\\n<\/div>\n\n\"}}]}]}]}],\"name\":\"Brevet f\u00e9d\u00e9ral\"},{\"type\":\"section\",\"props\":{\"image_position\":\"center-center\",\"status\":\"disabled\",\"style\":\"default\",\"title_breakpoint\":\"xl\",\"title_position\":\"top-left\",\"title_rotation\":\"left\",\"vertical_align\":\"middle\",\"width\":\"default\"},\"children\":[{\"type\":\"row\",\"children\":[{\"type\":\"column\",\"props\":{\"image_position\":\"center-center\",\"position_sticky_breakpoint\":\"m\"},\"children\":[{\"type\":\"text\",\"props\":{\"column_breakpoint\":\"m\",\"content\":\"\n\n<section style=\\\"max-width:1200px; margin:0 auto; padding:0 20px 26px 20px;\\\">\\n  \n\n<div style=\\\"display:flex; align-items:flex-start; gap:18px;\\\">\\n    \n\n<div style=\\\"width:6px; min-width:6px; height:72px; background:#e56a00;\\\"><\/div>\n\n\\n\\n    \n\n<div style=\\\"display:flex; align-items:flex-start; gap:18px;\\\">\\n      \n\n<div style=\\\"font-size:42px; line-height:1; color:#e56a00;\\\">\ud83d\udc65<\/div>\n\n\\n\\n      \n\n<p style=\\\"margin:0; font-size:20px; line-height:1.6; color:#3f4954;\\\">\\n        Encadrement p\u00e9dagogique assur\u00e9 par des professionnels exp\u00e9riment\u00e9s,\\n        avec coordination g\u00e9n\u00e9rale par <strong>M. DERVISI Aslan<\/strong>.\\n      <\/p>\n\n\\n    <\/div>\n\n\\n  <\/div>\n\n\\n<\/section>\n\n\",\"margin_bottom\":\"default\",\"margin_top\":\"default\"}},{\"type\":\"button\",\"props\":{\"grid_column_gap\":\"small\",\"grid_row_gap\":\"small\",\"margin_bottom\":\"default\",\"margin_top\":\"default\"},\"children\":[{\"type\":\"button_item\",\"props\":{\"button_style\":\"default\",\"content\":\"Plus d'informations\",\"dialog_layout\":\"modal\",\"dialog_offcanvas_flip\":true,\"icon\":\"arrow-right\",\"icon_align\":\"right\",\"link\":\"mailto:info@sfbromandie.ch\"}}]}]}]}],\"name\":\"Brevet f\u00e9d\u00e9ral\"}],\"version\":\"5.0.28\",\"yooessentialsVersion\":\"3.0.4\"} --><\/p>\n","protected":false},"excerpt":{"rendered":"<p>Formations continues pour agents d&rsquo;exploitation La formation continue est importante ! Nous organisons r\u00e9guli\u00e8rement des cours tr\u00e8s ax\u00e9s pratiques, anim\u00e9s par des professionnels du terrain. Montez en comp\u00e9tence, obtenez vos certifications et d\u00e9veloppez votre r\u00e9seau \u2014 en une ou deux journ\u00e9es. Voir les prochains cours Prochains cours Dates Formation Lieu de formation Prochaines dates \u00e0 [&hellip;]<\/p>\n","protected":false},"author":52,"featured_media":0,"parent":0,"menu_order":3,"comment_status":"closed","ping_status":"closed","template":"","meta":{"_acf_changed":false,"footnotes":""},"class_list":["post-1798","page","type-page","status-publish","hentry"],"acf":[],"_links":{"self":[{"href":"https:\/\/betriebsunterhalt.ch\/romandie\/wp-json\/wp\/v2\/pages\/1798","targetHints":{"allow":["GET"]}}],"collection":[{"href":"https:\/\/betriebsunterhalt.ch\/romandie\/wp-json\/wp\/v2\/pages"}],"about":[{"href":"https:\/\/betriebsunterhalt.ch\/romandie\/wp-json\/wp\/v2\/types\/page"}],"author":[{"embeddable":true,"href":"https:\/\/betriebsunterhalt.ch\/romandie\/wp-json\/wp\/v2\/users\/52"}],"replies":[{"embeddable":true,"href":"https:\/\/betriebsunterhalt.ch\/romandie\/wp-json\/wp\/v2\/comments?post=1798"}],"version-history":[{"count":333,"href":"https:\/\/betriebsunterhalt.ch\/romandie\/wp-json\/wp\/v2\/pages\/1798\/revisions"}],"predecessor-version":[{"id":2787,"href":"https:\/\/betriebsunterhalt.ch\/romandie\/wp-json\/wp\/v2\/pages\/1798\/revisions\/2787"}],"wp:attachment":[{"href":"https:\/\/betriebsunterhalt.ch\/romandie\/wp-json\/wp\/v2\/media?parent=1798"}],"curies":[{"name":"wp","href":"https:\/\/api.w.org\/{rel}","templated":true}]}}